
3
Let d(a) = -4957*a - 13663. Let f be d(-8). Calculate the highest common factor of f and 187.
187
Let b(c) = -24*c**2 - 743*c - 38. Let h be b(-29). What is the highest common factor of h and 575?
25
Let d(o) = 143*o - 839. Let c be d(6). Calculate the greatest common factor of c and 304.
19
Let h(t) be the first derivative of 5*t**2 - 49*t - 142. Let v be 9 + -1 + -3 + 5. Let w be h(v). What is the highest common divisor of w and 357?
51
Let s(h) = 23*h**2 - 520*h + 120. Let f be s(28). Calculate the highest common factor of 16 and f.
8
Suppose 268 = -10*y + 17*y - 530. What is the highest common divisor of y and 138?
6
Let r(f) = 5*f**2 + 5*f + 25. Let w be r(-4). Let o = 141 - w. Let k be 2/(1 + 1) + 15. Calculate the greatest common divisor of o and k.
8
Let y = -114 + 119. Suppose -y = 24*v - 25*v. Calculate the highest common factor of v and 160.
5
Let t be 13 + 2 - (7 - 4). Let q = 4 + 0. Suppose 2*c + 2*w = 8, -2*c - 3*w + 13 = q. Calculate the greatest common divisor of c and t.
3
Suppose -3*r + 3*h - 1302 = 2*r, 3*h = 3*r + 786. Let q = r - -265. Calculate the highest common divisor of 238 and q.
7
Let x = -6069 + 9957. Calculate the highest common divisor of 18 and x.
18
Let c = 23 - 22. Suppose s + c + 2 = 0, -2*v + 3*s = -137. Let n(l) = -2*l**2 - 22*l + 8. Let p be n(-11). Calculate the highest common divisor of p and v.
8
Let t(w) = -2*w**2 + 37*w + 7. Let u be t(9). Suppose u*s + 288 = 187*s. Calculate the highest common divisor of s and 88.
8
Let b(h) be the first derivative of -h**2/2 + 371*h - 84. Let f be b(-28). Calculate the highest common factor of f and 42.
21
Suppose j = -2*k + 33, -k + 2*k - 104 = -4*j. Suppose 0 = -2*f + 4*p + 166, -12*f + 14*f - 134 = -4*p. What is the highest common divisor of f and j?
25
Suppose 4*r = 5*r + 2. Let b be ((-9)/r)/(5/60). Calculate the greatest common factor of 54 and b.
54
Let g be 43/((-860)/(-120)) - (100/24 - 4)*0. Suppose o + 0*d - 39 = d, 2*o - 5*d = 72. Let c = 68 - o. Calculate the highest common factor of g and c.
3
Let n(m) = 7*m**2. Let b be n(3). Suppose 748 = 43*g - 453 + 427. What is the highest common factor of g and b?
9
Let w be 0 + 19/(-2)*-2. Suppose -a + 11 = -w. Suppose 27*v + 698 = 62*v - 352. Calculate the greatest common factor of v and a.
30
Let r(y) = 127*y + 30. Let k be r(0). What is the highest common factor of 205 and k?
5
Let d = -700 - -730. What is the greatest common divisor of d and 9435?
15
Let o(v) = -35*v + 637. Let j be o(5). Calculate the greatest common factor of j and 966.
42
Let w = 251 + 3629. What is the highest common factor of w and 40?
40
Let s be 10/4 + (-12)/(-8). Let b(r) = 30*r**2 - 125*r + 127. Let f be b(1). What is the highest common divisor of s and f?
4
Suppose 2*u + 1164 = 2*m, -m - 293 = -3*u - 871. Let f = 1036 - 963. Calculate the highest common factor of f and m.
73
Suppose -5*m + y + 75 = -40, 3*m = -5*y + 97. Let p be -4*((-1302)/m)/7. What is the greatest common divisor of 31 and p?
31
Suppose 5*r = 3*a + 77, 4*r + 5*a - 59 = 10*a. Suppose -3*x - 3*w + 129 = 0, -6*x + 31 = -5*x - 3*w. Calculate the greatest common factor of r and x.
8
Let r(t) = 168*t + 100. Let k be r(5). What is the highest common factor of 20 and k?
20
Let m be 1 + (3 - 10/5)/(12/6108). Calculate the greatest common divisor of 1938 and m.
102
Let z be 1 + (1 - -1)/2. Let m be 103 + 2 - z/2. Let d = 523 + -510. Calculate the greatest common factor of m and d.
13
Suppose 5*z + 181 - 6 = 0. Let s be (z/105 - 46/6)*-4. Suppose -2*c = -5*w + 396, 3*w = 2*w - 3*c + 86. What is the highest common divisor of w and s?
16
Suppose -1903 = 235*l - 86770 - 35453. Let o = 14 - 6. What is the greatest common factor of o and l?
8
Suppose 0 = 4*z, 69 + 96 = 5*l + 2*z. Let t = 186 - l. Calculate the highest common divisor of 51 and t.
51
Suppose -4*w - 88*t + 3697 = -85*t, 2*w + 5*t = 1845. Calculate the greatest common factor of w and 475.
25
Let c = -402 + 422. Let x be (-2 + -148)*-10*(-4)/(-12). What is the greatest common divisor of c and x?
20
Suppose 25*t = -3*v + 22*t + 3864, 0 = -7*t + 49. Calculate the highest common divisor of 671 and v.
61
Let q = 11 + 0. Let i = 65659 + -65658. What is the highest common divisor of q and i?
1
Suppose 57*h + 1764 = 85*h. Calculate the highest common factor of 168 and h.
21
Let k be 396/15*(-2240)/(-96). What is the highest common divisor of k and 1012?
44
Let l = 3559 - 3344. Calculate the highest common divisor of 43 and l.
43
Let h = 49 - 14. Let b be (2/3)/(78/18 + -4). Suppose -b*n - 13*j + 156 = -17*j, 4*n - 292 = 3*j. What is the greatest common divisor of n and h?
35
Suppose 2*n - 100 = 148. Let t = n - 44. What is the greatest common divisor of t and 20?
20
Suppose 0 = 8*j - 5 + 29. Let o be (j/(-2))/(46/(-48) + 1). What is the highest common divisor of 24 and o?
12
Let g(k) = -k**3 + k**2 - 4*k - 244. Let m be g(0). Let f = 271 + m. What is the highest common divisor of f and 27?
27
Suppose -g - 4*v + 831 = 0, -g - 122*v = -125*v - 768. What is the highest common factor of g and 135?
15
Suppose 154*w - 4*p = 155*w - 74, -6*w - p + 329 = 0. What is the greatest common divisor of 240 and w?
6
Let i = 82 + -75. Let o = i + 7. What is the greatest common factor of 126 and o?
14
Let o(x) = -x + 7. Let z be o(6). Let g(s) = 4*s**3 - 162 + 82 - s**2 + 79. Let a be g(z). What is the highest common factor of 22 and a?
2
Let t(l) = -3*l + 46. Let z be t(14). Suppose -f - 16 = -5*c - 104, 4*f - 272 = z*c. Calculate the highest common divisor of 14 and f.
7
Let f(h) = -h**3 + 38*h**2 - 52*h + 46. Let z be f(36). Let n = z + -626. What is the greatest common factor of n and 160?
20
Let h(o) = -o**3 - 10*o**2 - 4*o - 16. Let m be h(-6). Let c be (10/(-6))/(-6 + m/(-24)). Calculate the highest common factor of c and 1.
1
Let i be (12 - (100 - 6))*-2. Let v be (-6)/48*6 + 668/16. Calculate the greatest common divisor of v and i.
41
Suppose -52*t + 81 = 77*t - 951. What is the highest common divisor of 1304 and t?
8
Let b(k) be the first derivative of -k**4/4 + 7*k**3/3 + 5*k**2 + 4*k + 1. Let n be b(8). Let v = n - 11. Calculate the greatest common factor of v and 27.
9
Suppose 0 = 10*y - y - 7*y - 8048. Calculate the highest common factor of y and 16.
8
Suppose 0*s = 4*q + 4*s, 3*s - 12 = 3*q. Let n be q*3 - 351/(-27). Calculate the greatest common factor of 21 and n.
7
Let u = 1998 - 2060. Suppose 2*z + 2*o = 3 + 45, 0 = 5*z - o - 108. Let q = z - u. What is the greatest common divisor of q and 28?
28
Let d(j) = 106*j - 230. Let v be d(3). What is the greatest common factor of 24 and v?
8
Let f be 1 - -281 - (10 + -7)/(-3). Let s = f - 210. What is the highest common divisor of 73 and s?
73
Let y be (-2785)/(-4456) - (-67)/8. What is the greatest common factor of y and 20151?
9
Suppose 18*z - 470 = 4498. Let g be 10/(-50) - 122/(-10). Calculate the greatest common factor of z and g.
12
Suppose -156 = -78*g + 234. Calculate the highest common divisor of 2175 and g.
5
Let i be 6*((-2)/4)/((-19)/1102). Calculate the highest common factor of i and 7946.
58
Let f(c) = 38*c**2 + 107*c + 545. Let a be f(41). What is the greatest common divisor of a and 70?
70
Suppose 0*r = r - 2. Suppose -8*w + 3724 = 83*w + 7*w. What is the highest common divisor of r and w?
2
Let g be (-176)/18 + (-5)/90*4. Let c be (0 - g) + 30 + -28. Let j(r) = 8*r**3 - r - 2. Let d be j(2). Calculate the greatest common divisor of c and d.
12
Suppose 22*o - 5*i - 165 = 17*o, -2*o + 81 = 3*i. What is the greatest common factor of 492 and o?
12
Let u = 1486 + -1375. Let q(s) = s - 9. Let m be q(12). What is the greatest common factor of m and u?
3
Suppose 684 = 7*y - 4*y. Suppose -5*s + y = -4*n, -2 = 4*s - 18. Let k be (-13)/n - (-479)/4. Calculate the highest common divisor of k and 20.
20
Let j = -32432 + 32491. What is the highest common divisor of 55283 and j?
59
Suppose -6768 = 45*t - 72*t - 20*t. Calculate the highest common factor of 2628 and t.
36
Let b(s) = -230*s - 3782. Let u be b(-23). Calculate the highest common factor of 1276 and u.
116
Suppose 4*x - 304 = -2*l, 496 = -5*l - 3*x + 1256. Calculate the highest common factor of l and 24.
8
Suppose -16 + 108 = 4*n + y, 0 = 4*n + 2*y - 96. Calculate the greatest common divisor of n and 1133.
11
L